3*k, -y*m = -3*k - 212. What is the greatest common divisor of 40 and m?
20
Suppose -5*k - 6 = -7*k. Let m = 37 + k. Let t be 20*-1*(-1)/2. What is the highest common divisor of t and m?
10
Let z = 67 + -94. Let l = z + 83. What is the highest common divisor of 28 and l?
28
Let a(n) = 2*n**2 + 9*n - 5. Let q be a(-7). What is the greatest common factor of q and 6?
6
Suppose h - 2 + 3 = 0. Let o be 3*h*4/(-6). Suppose 3*l - o*l - 3 = 0. Calculate the highest common factor of 27 and l.
3
Suppose 5*v - 2*z = 9, z + 3 = -2*v + 4*z. Let p = v - 10. Let u(t) = -5*t - 3. Let n be u(p). What is the greatest common divisor of n and 4?
4
Suppose 2*p - 14 = -2*r - 2, 4 = r. Suppose -p*m - 10 = -0, 5*m = 4*v - 49. What is the greatest common factor of 18 and v?
6
Let k be 1/(-4) + 2742/24 + -2. Calculate the greatest common divisor of 28 and k.
28
Let i be (-224)/35*5/(-2). Suppose -t + 2*t - i = 0. What is the highest common factor of t and 80?
16
Suppose -72 = -2*p - 2*p. Let a = -3 - -15. Suppose -a - 6 = -3*n. What is the highest common factor of p and n?
6
Let j(g) = -2*g**3 - g - 4. Let c be j(-2). Calculate the highest common divisor of c and 14.
14
Suppose -z + 13 + 20 = -w, -3*w = 4*z - 146. Calculate the highest common divisor of z and 5.
5
Let p be 36/15 + 4/(-10). Calculate the greatest common factor of p and 2.
2
Suppose q + 3*q = 392. What is the greatest common factor of 14 and q?
14
Let z = 2 - 0. Let y be ((-220)/(-8))/(z/4). Suppose 0 = -7*c + 4*c - 3*p + 36, -4*p + y = 5*c. Calculate the highest common factor of c and 56.
7
Let m(y) = 6*y**2 + 6*y + 9. Let t be m(-3). What is the greatest common factor of t and 9?
9
Let x(z) = -z**2 - 5*z - 4. Let n be x(-6). Let k be n/(-15) + (-1)/(-3). Suppose -5*d + 14 = -k. What is the highest common factor of d and 1?
1
Let b = 50 - -13. What is the greatest common divisor of 7 and b?
7
Let l be 3/((-4)/6*(-108)/48). What is the greatest common divisor of 16 and l?
2
Suppose 7 + 5 = -2*z. Let n = 2 + z. Let k = n - -24. Calculate the highest common divisor of k and 10.
10
Suppose -1 = -2*y - 9. Let h(l) = l + 3. Let x be h(-2). Let i = x - y. Calculate the highest common factor of i and 25.
5
Suppose -3*b = -5 - 43. Let z(d) = d**3 - d**2 - d + 2. Suppose -p + 7 = 1. Let j be z(p). Calculate the highest common divisor of j and b.
16
Let y(f) = 5*f - 6. Suppose -4*p + 2*p + 8 = 0. Let x be y(p). Let b be -14*(-2 + (-3)/(-2)). Calculate the highest common factor of x and b.
7
Let f be (60/(-16))/((-2)/8). Suppose 0 = -2*n - 0*n. Suppose -r + 2*r + 19 = -5*c, r + 3*c + 9 = n. Calculate the highest common divisor of f and r.
3
Let u(g) = -g**3 - 14*g**2 + 13*g - 22. Let p be u(-15). Calculate the highest common divisor of p and 40.
8
Let i(h) = 7*h**2 + 4*h - 4. Let q be i(2). What is the highest common factor of 4 and q?
4
Let l = 3 + 6. Calculate the greatest common factor of l and 1.
1
Let k = 72 + -24. Calculate the highest common factor of k and 8.
8
Suppose -11*n + 110 = -6*n. What is the highest common factor of 2 and n?
2
Let c(r) = 19*r - 2. Suppose 2*h + 0 = 6. Let s be c(h). Suppose -14*p = -208 + 54. Calculate the greatest common factor of p and s.
11
Suppose -5*b + 537 + 343 = 0. Calculate the greatest common divisor of 22 and b.
22
Let d(b) = b**2 + 9*b - 6. Let t be d(-9). Let c(y) = -7*y - 2. Let m be c(t). Calculate the highest common factor of m and 10.
10
Let k = 6 - 9. Let l be (-2 - 0) + k + 5. Let f be (l - -1) + (2 - 1). Calculate the greatest common factor of 22 and f.
2
Let y = 16 - 14. Let g(h) = 3*h**3 - h**2 - h + 1. Let k be g(1). What is the greatest common divisor of k and y?
2
Let n be -3 - (-2 + 3 - (-1 - -56)). What is the greatest common divisor of n and 34?
17
Suppose -s = 1, 104 = 5*m + 5*s - 4*s. Let k be ((-112)/(-24))/((-4)/(-6)). Calculate the greatest common divisor of k and m.
7
Suppose -i + 100 = 4*i. Let r(t) = -5 + 2*t**3 - 2*t**3 - 8*t - 4*t**3 + 3*t**3 - 6*t**2. Let f be r(-5). Calculate the greatest common factor of f and i.
10
Let b(v) = -9*v**3 - v**2 + 2*v - 1. Let k be b(-2). Calculate the greatest common factor of k and 9.
9
Suppose 3*j = 4 + 44. Let c(a) = 2*a**3 + 4*a. Let d = 5 + -3. Let g be c(d). What is the greatest common divisor of g and j?
8
Let q be (-32)/(-6) + (-4)/(-6). Suppose -3*n + 4*n = -5*s, s + 21 = 4*n. Suppose n*x = x + 12. Calculate the highest common factor of x and q.
3
Let p be 1/(-3) - 13/(-3). Suppose -52 - 4 = -p*w. Calculate the greatest common divisor of w and 126.
14
Let r = 2 + -4. Let v be r/7 + (-1235)/(-35). Calculate the highest common divisor of v and 5.
5
Let b = 3 + -3. Suppose 4*z + 7 + 45 = b. Let t be 2 + -2*z*2. Calculate the highest common factor of t and 6.
6
Let i be (12 + -96)/((-6)/8). Calculate the highest common divisor of 14 and i.
14
Suppose 4*b - 812 = -4*g, -b = -4*b + 5*g + 649. Let l = -29 + 31. Suppose -l*q + b = -0*q. What is the greatest common factor of 13 and q?
13
Let u be -221*4/(-10) + 94/(-235). What is the greatest common divisor of 22 and u?
22
Suppose 0 = -n + 3*m - 210, 5*n - 5*m = -4*m - 1120. Let d = n - -434. Calculate the highest common divisor of 19 and d.
19
Let z be 1 + 35 + -19 + 21. What is the greatest common factor of 95 and z?
19
Let f = -4 + 5. Let n(c) = 3*c**3 - 2*c**2 + 1. Let g be n(f). Suppose -2*a = -4*v - 28, g*a + 10 = a - 4*v. What is the greatest common factor of a and 6?
6
Suppose 2*p = 9 + 1. Let m(s) = 4 - 4*s**2 + s + s + p - 5 + s**3. Let b be m(4). What is the highest common divisor of 3 and b?
3
Let a = -26 + 32. What is the highest common divisor of a and 54?
6
Let a(h) = 2*h**2 - 9*h + 17. Let i(n) = -n**2 + 5*n - 8. Let b(s) = 3*a(s) + 5*i(s). Let u be b(0). Calculate the highest common divisor of u and 33.
11
Let c(t) = -3*t + 6. Let i be c(5). Let a be (i + -1)*24/(-30). Let x = 35 + -19. What is the greatest common factor of x and a?
8
Let b be 3370/18 + 30/(-135). Calculate the highest common factor of 17 and b.
17
Suppose -5*t + 5*q = 4*q - 69, 6 = 2*t + 5*q. Let h = t - 8. Let v be ((-12)/h)/(20/(-50)). What is the greatest common factor of v and 2?
2
Let f(y) = -y + 153. Let s be f(0). What is the greatest common divisor of s and 17?
17
Let r be 0/2 + 8/(-4). Let k be 276/18 + r/(-3). Suppose -2*u = u - 240. Calculate the greatest common factor of u and k.
16
Suppose 5*f - 32 = -3*m + 3*f, -5*m = 5*f - 50. What is the highest common factor of 120 and m?
12
Suppose 2*q + 5*w = 32, 3*q + 80 = 8*q - 3*w. What is the greatest common factor of q and 64?
16
Let l(y) = y**3 + 3*y**2 - 5*y + 3. Let d be l(-4). Suppose -4*u - v + 9 = u, 3 = -3*v. Let i = 47 + u. What is the highest common divisor of i and d?
7
Let c(d) = 3*d**2 - 2*d. Let r be c(2). Let t(l) = -l**3 + 16*l**2 - l + 17. Let s be t(16). Calculate the highest common factor of r and s.
1
Let p be (-3 + 0 + -63)/(-1). Suppose -4*n + 6*n - 12 = 0. What is the greatest common divisor of n and p?
6
Suppose 0 = -3*h + i - 490, -2*h = -i + 4*i + 334. Let c be h/(-16) + 2/(-8). What is the greatest common factor of 40 and c?
10
Suppose 4*f = 5*l - 7 - 7, 5 = 2*l - f. Calculate the greatest common factor of 6 and l.
2
Suppose 4*s + 5*i = -5, 3*i + 0 + 3 = 4*s. Suppose 0*m - 2*m + 120 = s. What is the highest common divisor of m and 40?
20
Suppose 32 = a - 3*l, -2*l + 6*l + 56 = 2*a. Let m be 168/18*(-102)/4. Let h be m/(-8) - (-4)/16. What is the highest common factor of h and a?
10
Let i = 141 + -140. Calculate the greatest common divisor of i and 25.
1
Let p be 9*3/(36/16). Calculate the greatest common factor of 6 and p.
6
Suppose 5*k + 6 - 21 = 0. Suppose -k*y = -0*g - g + 24, -3*g + 30 = 5*y. Calculate the highest common divisor of g and 45.
15
Let k(c) = 2*c - 6. Let i be k(4). Suppose i*p - p = 12. Suppose 2*u - t - 50 = -2*u, 3*t = -u + 6. What is the greatest common factor of u and p?
12
Let o(k) = k**2 + k - 2. Let n be o(8). Suppose -n = -5*p - 25. What is the greatest common factor of 9 and p?
9
Let x(h) = 4*h + 5. Let q(t) = 6*t + 8. Let y(g) = -5*q(g) + 8*x(g). Let u be y(4). Let w be (-7 + 12)*12/5. Calculate the highest common divisor of w and u.
4
Suppose x + 25 = 3*x + d, 0 = 3*x + 3*d - 39. Let v = 713 + -378. Let u = v - 203. Calculate the greatest common divisor of u an